{"id":11,"date":"2025-07-21T14:51:34","date_gmt":"2025-07-21T14:51:34","guid":{"rendered":"http:\/\/sarceydrone.fr\/?page_id=11"},"modified":"2025-09-06T13:07:15","modified_gmt":"2025-09-06T13:07:15","slug":"contact-2","status":"publish","type":"page","link":"https:\/\/sarceydrone.fr\/?page_id=11","title":{"rendered":"Contact"},"content":{"rendered":"\n<div style=\"height:156px\" aria-hidden=\"true\" class=\"wp-block-spacer\"><\/div>\n\n\n\n<div class=\"wp-block-group has-global-padding is-layout-constrained wp-block-group-is-layout-constrained\">\n<div class=\"wp-block-columns are-vertically-aligned-top is-layout-flex wp-container-core-columns-is-layout-d7d455e7 wp-block-columns-is-layout-flex\" style=\"padding-top:0;padding-right:0;padding-bottom:0;padding-left:0\">\n<div class=\"wp-block-column is-vertically-aligned-top is-layout-flow wp-block-column-is-layout-flow\" style=\"padding-right:7%;flex-basis:50%\">\n<p><\/p>\n\n\n\n<h2 class=\"wp-block-heading has-large-font-size\">Contactez-nous pour donner vie \u00e0 vos projets<\/h2>\n\n\n\n<p>Vous avez un lieu, un \u00e9v\u00e9nement ou une id\u00e9e en t\u00eate ?<br>N\u2019h\u00e9sitez pas \u00e0 nous contacter&nbsp;<strong>par mail ou par t\u00e9l\u00e9phone<\/strong>&nbsp;pour en discuter !<\/p>\n\n\n\n<p>Nous serons ravis d\u2019\u00e9changer avec vous sur&nbsp;<strong>vos envies, vos besoins, et les prises de vues possibles<\/strong>&nbsp;en fonction de votre site ou de votre \u00e9v\u00e9nement.<\/p>\n\n\n\n<p>Gr\u00e2ce \u00e0 notre expertise , nous vous aidons \u00e0 cr\u00e9er un rendu unique, \u00e0 la hauteur de votre vision.<br><\/p>\n<\/div>\n\n\n\n<div class=\"wp-block-column is-vertically-aligned-top is-layout-flow wp-block-column-is-layout-flow\" style=\"flex-basis:50%\">\n<figure class=\"wp-block-image size-full\"><img decoding=\"async\" src=\"https:\/\/sarceydrone.fr\/wp-content\/uploads\/2025\/07\/DJI_0772.jpg\" alt=\"\" class=\"wp-image-100\"\/><\/figure>\n<\/div>\n<\/div>\n\n\n\n<div style=\"height:135px\" aria-hidden=\"true\" class=\"wp-block-spacer\"><\/div>\n<\/div>\n\n\n\n<div class=\"wp-block-group alignfull has-global-padding is-layout-constrained wp-container-core-group-is-layout-19e250f3 wp-block-group-is-layout-constrained\">\n<div class=\"wp-block-columns alignfull are-vertically-aligned-center has-light-background-background-color has-background is-layout-flex wp-container-core-columns-is-layout-dd282781 wp-block-columns-is-layout-flex\" style=\"padding-top:0;padding-right:0;padding-bottom:0;padding-left:0\">\n<div class=\"wp-block-column is-vertically-aligned-center map-grayscale is-layout-flow wp-block-column-is-layout-flow\" style=\"flex-basis:50%\">\n<figure class=\"wp-block-image size-full\"><img decoding=\"async\" src=\"https:\/\/sarceydrone.fr\/wp-content\/uploads\/2025\/07\/DJI_0244-1.jpg\" alt=\"\" class=\"wp-image-98\"\/><\/figure>\n<\/div>\n\n\n\n<div class=\"wp-block-column is-vertically-aligned-center is-layout-flow wp-block-column-is-layout-flow\" style=\"padding-top:var(--wp--preset--spacing--small);padding-right:var(--wp--preset--spacing--small);padding-bottom:var(--wp--preset--spacing--small);padding-left:2%;flex-basis:50%\">\n<h3 class=\"wp-block-heading has-large-font-size\">Localisation :<\/h3>\n\n\n\n<h3 class=\"wp-block-heading\"><strong>A<\/strong>dresse :<\/h3>\n\n\n\n<p>Sarcey 69490, France<\/p>\n\n\n\n<h3 class=\"wp-block-heading\"><strong>Email<\/strong> : <\/h3>\n\n\n\n<p>mathysgirin@sarceydrone.fr<\/p>\n\n\n\n<h3 class=\"wp-block-heading\"><strong>T\u00e9l\u00e9phone <\/strong>:<\/h3>\n\n\n\n<p>+33 7 66 01 55 46<\/p>\n<\/div>\n<\/div>\n<\/div>\n\n\n\n<div class=\"wp-block-group is-layout-flow wp-block-group-is-layout-flow\">\n<div class=\"wp-block-group is-layout-flow wp-block-group-is-layout-flow\">\n<div style=\"height:69px\" aria-hidden=\"true\" class=\"wp-block-spacer\"><\/div>\n\n\n\n<div class=\"wp-block-columns is-layout-flex wp-container-core-columns-is-layout-28f84493 wp-block-columns-is-layout-flex\">\n<div class=\"wp-block-column is-layout-flow wp-block-column-is-layout-flow\">\n<h2 class=\"wp-block-heading has-text-align-left has-large-font-size\"><br>Une entreprise bas\u00e9e \u00e0 Sarcey (69490)<\/h2>\n\n\n\n<p>Notre entreprise est implant\u00e9e \u00e0&nbsp;<strong>Sarcey<\/strong>, un charmant village situ\u00e9 dans le d\u00e9partement du&nbsp;<strong>Rh\u00f4ne (69)<\/strong>, au c\u0153ur de la r\u00e9gion&nbsp;<strong>Auvergne-Rh\u00f4ne-Alpes<\/strong> entre Tarare et L&rsquo;arbresle.<br>Mais notre rayon d&rsquo;action ne s&rsquo;arr\u00eate pas l\u00e0 :&nbsp;<strong>nous nous d\u00e9pla\u00e7ons partout en France<\/strong>&nbsp;pour r\u00e9pondre \u00e0 vos besoins, o\u00f9 que vous soyez.<\/p>\n\n\n\n<p class=\"has-text-align-left\">Que vous soyez \u00e0 Lyon, Paris, Bordeaux, Marseille ou ailleurs,&nbsp;<strong>nous mettons notre expertise \u00e0 votre service<\/strong>&nbsp;avec la m\u00eame exigence de qualit\u00e9.<\/p>\n\n\n\n<div class=\"wp-block-columns is-layout-flex wp-container-core-columns-is-layout-28f84493 wp-block-columns-is-layout-flex\">\n<div class=\"wp-block-column is-layout-flow wp-block-column-is-layout-flow\"><\/div>\n<\/div>\n<\/div>\n\n\n\n<div class=\"wp-block-column is-layout-flow wp-block-column-is-layout-flow\">\n<figure class=\"wp-block-image size-full\"><img fetchpriority=\"high\" decoding=\"async\" width=\"645\" height=\"634\" src=\"https:\/\/sarceydrone.fr\/wp-content\/uploads\/2025\/07\/image.png\" alt=\"\" class=\"wp-image-46\" srcset=\"https:\/\/sarceydrone.fr\/wp-content\/uploads\/2025\/07\/image.png 645w, https:\/\/sarceydrone.fr\/wp-content\/uploads\/2025\/07\/image-300x295.png 300w\" sizes=\"(max-width: 645px) 100vw, 645px\" \/><\/figure>\n<\/div>\n<\/div>\n\n\n\n<div style=\"height:52px\" aria-hidden=\"true\" class=\"wp-block-spacer\"><\/div>\n<\/div>\n<\/div>\n\n\n\n<div class=\"wp-block-group has-global-padding is-layout-constrained wp-block-group-is-layout-constrained\">\n<div style=\"height:33px\" aria-hidden=\"true\" class=\"wp-block-spacer\"><\/div>\n\n\n\n<div class=\"wp-block-columns are-vertically-aligned-center is-layout-flex wp-container-core-columns-is-layout-4ed999c3 wp-block-columns-is-layout-flex\" style=\"padding-top:var(--wp--preset--spacing--60);padding-bottom:var(--wp--preset--spacing--60);padding-left:0\">\n<div class=\"wp-block-column is-vertically-aligned-center has-global-padding is-content-justification-left is-layout-constrained wp-container-core-column-is-layout-12dd3699 wp-block-column-is-layout-constrained\" style=\"flex-basis:66.66%\"><\/div>\n\n\n\n<div class=\"wp-block-column is-vertically-aligned-center is-layout-flow wp-block-column-is-layout-flow\" style=\"flex-basis:33.33%\">\n<div class=\"wp-block-buttons is-content-justification-right is-layout-flex wp-container-core-buttons-is-layout-d445cf74 wp-block-buttons-is-layout-flex\"><\/div>\n<\/div>\n<\/div>\n\n\n\n<div style=\"height:45px\" aria-hidden=\"true\" class=\"wp-block-spacer\"><\/div>\n<\/div>\n\n\n\n<p><\/p>\n","protected":false},"excerpt":{"rendered":"<p>Contactez-nous pour donner vie \u00e0 vos projets Vous avez un lieu, un \u00e9v\u00e9nement ou une id\u00e9e en t\u00eate ?N\u2019h\u00e9sitez pas \u00e0 nous contacter&nbsp;par mail ou par t\u00e9l\u00e9phone&nbsp;pour en discuter ! Nous serons ravis d\u2019\u00e9changer avec vous sur&nbsp;vos envies, vos besoins, et les prises de vues possibles&nbsp;en fonction de votre site ou de votre \u00e9v\u00e9nement. Gr\u00e2ce &hellip; <\/p>\n<p class=\"link-more\"><a href=\"https:\/\/sarceydrone.fr\/?page_id=11\" class=\"more-link\">Lire la suite de<span class=\"screen-reader-text\">\u00ab\u00a0Contact\u00a0\u00bb<\/span><\/a><\/p>\n","protected":false},"author":1,"featured_media":187,"parent":0,"menu_order":0,"comment_status":"closed","ping_status":"closed","template":"","meta":{"inspiro_hide_title":false,"footnotes":""},"class_list":["post-11","page","type-page","status-publish","has-post-thumbnail","hentry"],"featured_media_urls":{"thumbnail":["https:\/\/sarceydrone.fr\/wp-content\/uploads\/2025\/09\/Capture-decran-2025-09-06-a-15.06.10-150x150.png",150,150,true],"medium":["https:\/\/sarceydrone.fr\/wp-content\/uploads\/2025\/09\/Capture-decran-2025-09-06-a-15.06.10-300x94.png",300,94,true],"medium_large":["https:\/\/sarceydrone.fr\/wp-content\/uploads\/2025\/09\/Capture-decran-2025-09-06-a-15.06.10-scaled.png",768,240,false],"large":["https:\/\/sarceydrone.fr\/wp-content\/uploads\/2025\/09\/Capture-decran-2025-09-06-a-15.06.10-1024x320.png",950,297,true],"1536x1536":["https:\/\/sarceydrone.fr\/wp-content\/uploads\/2025\/09\/Capture-decran-2025-09-06-a-15.06.10-scaled-1536x481.png",1536,481,true],"2048x2048":["https:\/\/sarceydrone.fr\/wp-content\/uploads\/2025\/09\/Capture-decran-2025-09-06-a-15.06.10-scaled-2048x641.png",2048,641,true],"inspiro-featured-image":["https:\/\/sarceydrone.fr\/wp-content\/uploads\/2025\/09\/Capture-decran-2025-09-06-a-15.06.10-2000x626.png",2000,626,true],"inspiro-loop":["https:\/\/sarceydrone.fr\/wp-content\/uploads\/2025\/09\/Capture-decran-2025-09-06-a-15.06.10-950x320.png",950,320,true],"inspiro-loop@2x":["https:\/\/sarceydrone.fr\/wp-content\/uploads\/2025\/09\/Capture-decran-2025-09-06-a-15.06.10-1900x640.png",1900,640,true],"portfolio_item-thumbnail":["https:\/\/sarceydrone.fr\/wp-content\/uploads\/2025\/09\/Capture-decran-2025-09-06-a-15.06.10-scaled-600x400.png",600,400,true],"portfolio_item-thumbnail@2x":["https:\/\/sarceydrone.fr\/wp-content\/uploads\/2025\/09\/Capture-decran-2025-09-06-a-15.06.10-scaled-1200x800.png",1200,800,true],"portfolio_item-masonry":["https:\/\/sarceydrone.fr\/wp-content\/uploads\/2025\/09\/Capture-decran-2025-09-06-a-15.06.10-scaled-600x188.png",600,188,true],"portfolio_item-masonry@2x":["https:\/\/sarceydrone.fr\/wp-content\/uploads\/2025\/09\/Capture-decran-2025-09-06-a-15.06.10-scaled-1200x375.png",1200,375,true],"portfolio_item-thumbnail_cinema":["https:\/\/sarceydrone.fr\/wp-content\/uploads\/2025\/09\/Capture-decran-2025-09-06-a-15.06.10-scaled-800x335.png",800,335,true],"portfolio_item-thumbnail_portrait":["https:\/\/sarceydrone.fr\/wp-content\/uploads\/2025\/09\/Capture-decran-2025-09-06-a-15.06.10-scaled-600x801.png",600,801,true],"portfolio_item-thumbnail_portrait@2x":["https:\/\/sarceydrone.fr\/wp-content\/uploads\/2025\/09\/Capture-decran-2025-09-06-a-15.06.10-scaled-1200x801.png",1200,801,true],"portfolio_item-thumbnail_square":["https:\/\/sarceydrone.fr\/wp-content\/uploads\/2025\/09\/Capture-decran-2025-09-06-a-15.06.10-scaled-800x800.png",800,800,true]},"_links":{"self":[{"href":"https:\/\/sarceydrone.fr\/index.php?rest_route=\/wp\/v2\/pages\/11","targetHints":{"allow":["GET"]}}],"collection":[{"href":"https:\/\/sarceydrone.fr\/index.php?rest_route=\/wp\/v2\/pages"}],"about":[{"href":"https:\/\/sarceydrone.fr\/index.php?rest_route=\/wp\/v2\/types\/page"}],"author":[{"embeddable":true,"href":"https:\/\/sarceydrone.fr\/index.php?rest_route=\/wp\/v2\/users\/1"}],"replies":[{"embeddable":true,"href":"https:\/\/sarceydrone.fr\/index.php?rest_route=%2Fwp%2Fv2%2Fcomments&post=11"}],"version-history":[{"count":5,"href":"https:\/\/sarceydrone.fr\/index.php?rest_route=\/wp\/v2\/pages\/11\/revisions"}],"predecessor-version":[{"id":186,"href":"https:\/\/sarceydrone.fr\/index.php?rest_route=\/wp\/v2\/pages\/11\/revisions\/186"}],"wp:featuredmedia":[{"embeddable":true,"href":"https:\/\/sarceydrone.fr\/index.php?rest_route=\/wp\/v2\/media\/187"}],"wp:attachment":[{"href":"https:\/\/sarceydrone.fr\/index.php?rest_route=%2Fwp%2Fv2%2Fmedia&parent=11"}],"curies":[{"name":"wp","href":"https:\/\/api.w.org\/{rel}","templated":true}]}}